2961?
3, 1789, 12583
List the prime factors of 1774810.
2, 5, 177481
List the prime factors of 73086871.
11, 13, 31, 16487
List the prime factors of 51495385.
5, 41, 251197
List the prime factors of 22096007.
41, 538927
List the prime factors of 234786050.
2, 5, 317, 14813
What are the prime factors of 55733177?
55733177
List the prime factors of 620860430.
2, 5, 62086043
List the prime factors of 159209268.
2, 3, 61, 217499
List the prime factors of 198370538.
2, 23, 4312403
What are the prime factors of 109947637?
3001, 36637
List the prime factors of 878231052.
2, 3, 8131769
List the prime factors of 3905675743.
223, 17514241
What are the prime factors of 155677989?
3, 51892663
What are the prime factors of 68295651?
3, 22765217
What are the prime factors of 196726604?
2, 29, 173, 9803
What are the prime factors of 6064838625?
3, 5, 59, 274117
What are the prime factors of 411613136?
2, 11, 277, 8443
List the prime factors of 24670187.
24670187
List the prime factors of 3238684310.
2, 5, 323868431
What are the prime factors of 487284396?
2, 3, 17, 2388649
List the prime factors of 456308820.
2, 3, 5, 11, 317, 727
List the prime factors of 1206685277.
7, 701, 245911
What are the prime factors of 620765772?
2, 3, 11, 4702771
List the prime factors of 788609476.
2, 1697, 116177
What are the prime factors of 366222031?
7, 23, 324953
List the prime factors of 36605846.
2, 18302923
List the prime factors of 64583991.
3, 157, 45707
List the prime factors of 392160456.
2, 3, 19, 439, 653
What are the prime factors of 2878568152?
2, 83, 353, 12281
List the prime factors of 194686353.
3, 21631817
List the prime factors of 88771965.
3, 5, 149, 39719
What are the prime factors of 173927865?
3, 5, 11595191
List the prime factors of 5147589862.
2, 313, 8222987
What are the prime factors of 174130318?
2, 87065159
What are the prime factors of 54813231?
3, 11, 89, 6221
What are the prime factors of 4750574819?
31, 877, 174737
What are the prime factors of 51744375?
3, 5, 9199
List the prime factors of 1558944012.
2, 3, 129912001
List the prime factors of 269452934.
2, 134726467
List the prime factors of 609479756.
2, 269, 566431
What are the prime factors of 737677482?
2, 3, 23, 5345489
List the prime factors of 16616452.
2, 743, 5591
What are the prime factors of 610659501?
3, 461, 441547
What are the prime factors of 891906660?
2, 3, 5, 163, 10133
What are the prime factors of 166811857?
29, 397, 14489
List the prime factors of 160643094.
2, 3, 26773849
What are the prime factors of 176118019?
7, 11, 2287247
What are the prime factors of 499922441?
499922441
List the prime factors of 4090436530.
2, 5, 409043653
What are the prime factors of 2543904018?
2, 3, 83, 1702747
List the prime factors of 25016233.
11, 2274203
List the prime factors of 1081078897.
79, 2243, 6101
What are the prime factors of 3039937228?
2, 139, 5467513
List the prime factors of 268354966.
2, 11, 67, 182059
What are the prime factors of 408247445?
5, 81649489
List the prime factors of 62042030.
2, 5, 19, 326537
List the prime factors of 125598694.
2, 13, 4830719
What are the prime factors of 2679407058?
2, 3, 5077, 87959
List the prime factors of 2057653418.
2, 131, 139, 56501
List the prime factors of 4994905381.
103, 5741, 8447
What are the prime factors of 489816218?
2, 397, 616897
List the prime factors of 35279748.
2, 3, 7, 139999
What are the prime factors of 1211051600?
2, 5, 11, 29, 9491
What are the prime factors of 23646969?
3, 47, 55903
List the prime factors of 197078688.
2, 3, 17, 40253
What are the prime factors of 3468967218?
2, 3, 19, 10143179
What are the prime factors of 116419083?
3, 11, 3527851
List the prime factors of 1568985101.
353, 4444717
List the prime factors of 63877073.
13, 4913621
List the prime factors of 121635320.
2, 5, 31, 233, 421
What are the prime factors of 1399934064?
2, 3, 59, 494327
What are the prime factors of 104080593?
3, 37, 937663
What are the prime factors of 221722971?
3, 733, 100829
What are the prime factors of 35758121?
7, 229, 22307
List the prime factors of 1390103262.
2, 3, 25742653
What are the prime factors of 11056139?
47, 67, 3511
List the prime factors of 148711618.
2, 11, 6759619
List the prime factors of 549863139.
3, 7, 23, 1138433
What are the prime factors of 1276158228?
2, 3, 106346519
What are the prime factors of 80056226?
2, 40028113
What are the prime factors of 218349359?
131, 1666789
What are the prime factors of 380947687?
41, 9291407
List the prime factors of 32382775.
5, 67, 19333
What are the prime factors of 761903385?
3, 5, 50793559
List the prime factors of 75197800.
2, 5, 17, 1301
List the prime factors of 123590670.
2, 3, 5, 7, 101, 5827
What are the prime factors of 402294784?
2, 37, 5309
List the prime factors of 3222803604.
2, 3, 1193, 225119
What are the prime factors of 192707990?
2, 5, 47, 263, 1559
List the prime factors of 1041096584.
2, 11, 461, 2333
List the prime factors of 2312307822.
2, 3, 11, 37, 59, 1459
What are the prime factors of 240850991?
240850991
List the prime factors of 444932573.
101, 229, 19237
List the prime factors of 6578283.
3, 2192761
List the prime factors of 561314862.
2, 3, 23, 43, 31531
List the prime factors of 161382252.
2, 3, 13448521
List the prime factors of 593967577.
7, 89, 953399
List the prime factors of 35618758.
2, 7, 563, 4519
What are the prime factors of 112219847?
229, 461, 1063
List the prime factors of 167989966.
2, 53, 1584811
List the prime factors of 697479959.
11, 83, 763943
What are the prime factors of 4477954910?
2, 5, 11, 13, 3131437
What are the prime factors of 110825276?
2, 43, 281, 2293
List the prime factors of 18713175.
3, 5, 13, 17, 1129
What are the prime factors of 55376738?
2, 27688369
List the prime factors of 98356192.
2, 11, 279421
List the prime factors of 482761975.
5, 19, 1016341
What are the prime factors of 3099686267?
5279, 587173
What are the prime factors of 156565452?
2, 3, 13047121
What are the prime factors of 44118802?
2, 7, 13, 29, 643
List the prime factors of 35746075.
5, 1429843
What are the prime factors of 23441654?
2, 1511, 7757
What are the prime factors of 20793984?
2, 3, 54151
List the prime factors of 2519352418.
2, 11, 114516019
What are the prime factors of 44197512?
2, 3, 1307, 1409
What are the prime factors of 1467070166?
2, 7237, 101359
What are the prime factors of 49703049?
3, 11, 45641
List the prime factors of 8713685329.
5189, 1679261
What are the prime factors of 80292961?
7, 971, 11813
What are the prime factors of 63662484?
2, 3, 17, 312071
What are the prime factors of 301558574?
2, 283, 532789
List the prime factors of 742681084.
2, 1213, 153067
What are the prime factors of 2678159289?
3, 13, 193, 383, 929
What are the prime factors of 3639612984?
2, 3, 7, 29, 106721
What are the prime factors of 13092594?
2, 3, 2182099
List the prime factors of 2790862161.
3, 197, 4722271
List the prime factors of 9209327.
29, 317563
List the prime factors of 31910567.
13, 1319, 1861
List the prime factors of 8710734.
2, 3, 137, 10597
What are the prime factors of 751705473?
3, 17, 449, 1931
List the prime factors of 13850904.
2, 3, 61, 9461
What are the prime factors of 711596465?
5, 43, 3309751
What are the prime factors of 1046350168?
2, 53, 113, 21839
What are the prime factors of 42427901?
42427901
List the prime factors of 1664700683.
20389, 81647
What are the prime factors of 536029312?
2, 7, 13, 17, 2707
What are the prime factors of 22427193?
3, 439, 17029
List the prime factors of 2292434041.
229, 10010629
List the prime factors of 676072841.
419, 1613539
What are the prime factors of 462532706?
2, 5659, 40867
What are the prime factors of 17414362?
2, 7, 1243883
List the prime factors of 1314035738.
2, 657017869
List the prime factors of 921043849.
11, 37, 2263007
What are the prime factors of 23625066?
2, 3, 223, 17657
List the prime factors of 8552935.
5, 59, 79, 367
What are the prime factors of 145704210?
2, 3, 5, 43, 179, 631
List the prime factors of 900937735.
5, 2081, 86587
List the prime factors of 37580060.
2, 5, 7, 31, 1237
What are the prime factors of 2141544694?
2, 18311, 58477
List the prime factors of 41244287.
7, 461, 12781
List the prime factors of 59425036.
2, 11, 59, 20